of c and w?
1
Let y be 4 - (-3)/9*-3. Suppose -y*k + 40 = -z, z - 28 = -2*k + 2. Calculate the greatest common factor of k and 14.
14
Let i be (-18)/(-15)*15/3. Suppose 3*g - i*g + 528 = 0. What is the greatest common divisor of 22 and g?
22
Let b be -6 - (-120)/(30/6). Suppose r - 7 - 20 = 0. Calculate the greatest common factor of r and b.
9
Let s(i) = 4*i + 6. Let z be s(3). Calculate the greatest common factor of 72 and z.
18
Suppose 0 = 3*d - 2 - 4. Suppose d*l + f = 4*f - 6, -5*l + f = 2. Suppose l = c + 3*i - 46, 4*i - 48 = -c + 3*i. What is the highest common divisor of c and 7?
7
Suppose -4*z + 2*z = -12. Suppose -36 = 3*d - z*d. What is the greatest common factor of 132 and d?
12
Let s be (1/2)/(10/140). Calculate the highest common factor of s and 28.
7
Let p be 10*(-2 - (-3 - 0)). Calculate the greatest common divisor of p and 70.
10
Let s(d) = d**3 - d**2 - 1. Let y be s(2). Suppose 7*z - y*z - 260 = 0. Calculate the highest common factor of 26 and z.
13
Let v be 4/(-6)*(-18)/4. Let g be 3/((18/8)/v). Let l be 180/7 - g/(-14). What is the highest common divisor of 13 and l?
13
Let u(r) = -r**2 + 6*r - 9. Let w be u(6). Let l = 23 - w. Suppose -3*h = 3*v + 3, v + 2*h - 14 = 4*h. Calculate the highest common divisor of v and l.
4
Suppose -5*k - 4*z + 20 = 0, -4*k + 7*z - 2*z = -57. What is the greatest common factor of 72 and k?
8
Let r be ((-1)/2)/((-3)/120). What is the highest common factor of 8 and r?
4
Let w(y) = y + 1. Let k = -20 - -9. Let m = k - -17. Let a be w(m). What is the highest common factor of 35 and a?
7
Let v be 1/(((-12)/(-868))/3). Calculate the greatest common divisor of 31 and v.
31
Let o(t) = 36*t**2 - 7*t + 2. Let f be o(-7). Let z be f/20 - 6/8. Calculate the highest common factor of z and 36.
18
Suppose -4*h - w + 28 = -58, -10 = 5*w. Calculate the highest common factor of h and 33.
11
Let c be 3*(9/6)/(3/2). Calculate the greatest common factor of c and 24.
3
Let h(m) = 10*m**3 + m - 1. Suppose 3*r + 9 = 2*r - 5*t, 5*r + 3 = -4*t. Suppose 5*i + r = 11. Let g be h(i). Calculate the greatest common factor of g and 9.
9
Suppose 6*f - f - 5*b - 20 = 0, 2*f = -5*b + 22. Let h = 10 + -4. What is the highest common factor of h and f?
6
Let s = 3 + -3. Suppose s = -5*f - 4 - 1. Let n = f + 3. Calculate the greatest common divisor of n and 2.
2
Suppose 14*o - 14 = 14. Let r(v) = v + 5. Let f be r(5). What is the highest common divisor of o and f?
2
Suppose -3*o + 40 = o. What is the greatest common factor of o and 40?
10
Let q = 210 - 102. What is the highest common divisor of q and 36?
36
Suppose 5*g + 20 = 2*d, 21 = 5*d + 2*g - 0*g. Suppose t = -t + 22. Suppose -d*x + t + 94 = 0. What is the greatest common divisor of x and 7?
7
Let f(z) = z**3 + 12*z**2 + 9*z - 13. Suppose 3*t = t - 22. Let h be f(t). Calculate the highest common divisor of h and 99.
9
Let l = -160 + 237. Calculate the greatest common factor of 11 and l.
11
Let i = -21 + 31. Calculate the highest common divisor of i and 20.
10
Suppose 26*b - 16*b - 260 = 0. What is the highest common divisor of b and 2?
2
Let f = 116 + -109. Suppose -3*a = -2*a - 28. Calculate the highest common factor of f and a.
7
Let w = -128 - -164. Calculate the highest common divisor of 4 and w.
4
Let d(s) = 2*s**2 - 6*s + 29. Let c(i) = i**2 - 3*i + 14. Let q(p) = 13*c(p) - 6*d(p). Let m be q(8). Calculate the highest common divisor of 6 and m.
6
Suppose 3 + 9 = 2*j. Let c(a) = -a + 7. Let m be c(j). What is the highest common divisor of 7 and m?
1
Suppose 0 = -3*w - 2*g - 30, -11 - 4 = -5*g. Let n = w + 15. Let q(f) = -f + 10. Let y be q(7). Calculate the highest common factor of n and y.
3
Let v(y) = y + 45. Let r be v(-10). What is the highest common divisor of r and 14?
7
Let b(i) = i**3 + 8*i**2 + 9*i - 7. Let w be b(-7). Let s be -10*(1 - w/(-15)). Let r be s*((-2)/(-4) - -1). Calculate the highest common factor of r and 6.
6
Let f(a) = -5*a + 1. Let t be f(-1). What is the highest common divisor of t and 2?
2
Suppose r = 15 - 4. What is the greatest common divisor of r and 88?
11
Suppose -5*h + 2*r + 383 = 0, -4*h = -h - 2*r - 233. Calculate the greatest common factor of h and 30.
15
Let k = 15 - 3. What is the highest common factor of 8 and k?
4
Let u be 3/(-2)*(-54)/3. Let j = u + -15. Let k(h) = -25*h - 4. Let y be k(-4). Calculate the highest common divisor of j and y.
12
Let q(w) = -w - 6. Let k(g) = 3*g + 6. Let h be k(-5). Let s be q(h). What is the greatest common factor of 2 and s?
1
Suppose 3*v = m - 0*m + 18, 4*m - 3*v + 27 = 0. Let p be 21 + m + (0 - 2). What is the highest common divisor of p and 128?
16
Let s = 5 - 3. Let n = 51 + -21. Suppose -n = -s*k - 3*k. What is the highest common factor of 12 and k?
6
Let r = 47 + -46. Suppose 5*q - 10 = 0, -x + q - 2*q + 13 = 0. What is the highest common divisor of r and x?
1
Suppose -4*c - 44 = -4*k, -3*k + 26 + 7 = -4*c. Let w = k - 8. What is the highest common factor of w and 21?
3
Let n = -12 + 18. Let g be (-2)/(-3) - 426/(-9). Calculate the highest common factor of n and g.
6
Suppose 0*s = 3*s - 9, -2*s = 4*w - 62. Let g be ((-9)/12)/((-2)/336). What is the highest common divisor of g and w?
14
Let h = 15 - -69. What is the greatest common divisor of h and 63?
21
Let c be (30/9)/((-4)/(-6)). Let b = -2 - -1. Let h = 0 - b. Calculate the highest common divisor of c and h.
1
Let a = 1 - -1. Suppose -28 = -2*h - a*h. What is the greatest common divisor of 7 and h?
7
Suppose -11*y + 36 = -5*y. What is the highest common divisor of 66 and y?
6
Let r = -133 + 189. Suppose 1301 = 6*t + 1253. Calculate the greatest common divisor of r and t.
8
Let f = 21 - -19. What is the highest common divisor of 16 and f?
8
Suppose 4*l = -3*x - 7 - 7, 4*x + 5*l + 17 = 0. Suppose 96 = x*a - 0*a. Suppose -t - 3*t + a = 0. Calculate the greatest common divisor of 24 and t.
12
Let b(w) = 184*w. Let y = 3 + -2. Let c be b(y). What is the greatest common factor of c and 23?
23
Let m be ((-4)/6 - 0)*24. Let t be (-736)/m - 0/(-2). Calculate the greatest common divisor of 69 and t.
23
Let m be -1 - (0 - 2)*2. Suppose 4*j = -20, -m*i - 3*j = -j - 62. Let h = 122 - 98. What is the highest common factor of i and h?
24
Suppose 155 = 5*k - 20. Suppose -4*s + 19 = -37. What is the greatest common divisor of s and k?
7
Let h(c) = -2*c**3 - 6*c**2 - 1. Let s be h(-5). Let b = 7 - 4. Suppose -b*k = -5 - 22. What is the highest common factor of s and k?
9
Let j(a) = -a**2 + 11*a + 25. Let u be j(10). What is the highest common divisor of 5 and u?
5
Let t(r) = 30*r**2 - 2*r. Let h be t(1). What is the greatest common factor of 42 and h?
14
Let b be -1 + 4 + 3 + -5. Calculate the highest common divisor of 1 and b.
1
Let u be -4 + (-1 + -1 - -2). Let l = 8 + u. Suppose l*y - 60 = -y. What is the highest common divisor of 12 and y?
12
Let v = 54 + -43. Calculate the highest common divisor of v and 11.
11
Let p be (-444)/(-22) - 6/33. Suppose 4*s = -0*s + p. Suppose -s*i - 109 = -334. What is the greatest common factor of 5 and i?
5
Suppose -3*r = -i - 170, 5*r - 172 - 138 = -5*i. Calculate the highest common factor of 87 and r.
29
Suppose 2 = 4*f + 2*k - 6, 4*k = 3*f - 6. Suppose -w + 1 = -f. Let u be 9/2*20/6. Calculate the greatest common factor of u and w.
3
Suppose 3*i = -4*l - 10 + 34, 0 = 3*l - 9. Suppose -u - 2 = -0*u, 0 = i*v + u - 198. Calculate the greatest common factor of 75 and v.
25
Suppose q = 5*o + 24, 4*q - 6 = o + 14. Suppose q*x - 15 - 25 = 0. Let t = -47 + 51. Calculate the highest common divisor of x and t.
2
Let x = -18 - -26. What is the highest common factor of x and 8?
8
Suppose 78 = 3*g - 0*g + 3*p, -5*g - p = -130. Calculate the highest common factor of 26 and g.
26
Suppose 36 = 4*b + 4*v, 4*b - v - v = 12. Suppose -b = -2*t + t. What is the highest common divisor of 35 and t?
5
Let p(d) = -d**2 - 10*d - 5. Let b be p(-7). Let t(r) = -r**3 - 6*r**2 - 8*r - 8. Let n be t(-6). What is the greatest common divisor of n and b?
8
Suppose -23 = -2*d + 7. What is the greatest common divisor of 165 and d?
15
Let y = -135 - -201. Suppose -3*h + 5*h = 88. What is the highest common divisor of h and y?
22
Let t be (-4)/(-10) - 18/(-5). Let q = 31 + -27. Calculate the highest common factor of t and q.
4
Let w = 119 - 106. Cal